{"id":94,"date":"2019-08-09T13:54:48","date_gmt":"2019-08-09T13:54:48","guid":{"rendered":"http:\/\/www.colegionlc.cl\/colegio\/?page_id=94"},"modified":"2024-11-26T09:34:55","modified_gmt":"2024-11-26T13:34:55","slug":"uniformes","status":"publish","type":"page","link":"https:\/\/www.colegionlc.cl\/?page_id=94","title":{"rendered":"Uniformes Escolares"},"content":{"rendered":"\t\t<div data-elementor-type=\"wp-post\" data-elementor-id=\"94\" class=\"elementor elementor-94\" data-elementor-post-type=\"page\">\n\t\t\t\t\t\t<section class=\"has_ae_slider elementor-section elementor-top-section elementor-element elementor-element-fc0f09f elementor-section-boxed elementor-section-height-default elementor-section-height-default ae-bg-gallery-type-default\" data-id=\"fc0f09f\" data-element_type=\"section\">\n\t\t\t\t\t\t<div class=\"elementor-container elementor-column-gap-default\">\n\t\t\t\t\t<div class=\"has_ae_slider elementor-column elementor-col-50 elementor-top-column elementor-element elementor-element-8c18a5a ae-bg-gallery-type-default\" data-id=\"8c18a5a\" data-element_type=\"column\">\n\t\t\t<div class=\"elementor-widget-wrap elementor-element-populated\">\n\t\t\t\t\t\t<div class=\"elementor-element elementor-element-cf645f4 elementor-widget elementor-widget-heading\" data-id=\"cf645f4\" data-element_type=\"widget\" data-widget_type=\"heading.default\">\n\t\t\t\t<div class=\"elementor-widget-container\">\n\t\t\t\t\t<h2 class=\"elementor-heading-title elementor-size-medium\">Uniformes Escolares<\/h2>\t\t\t\t<\/div>\n\t\t\t\t<\/div>\n\t\t\t\t<div class=\"elementor-element elementor-element-f9f4e91 elementor-widget elementor-widget-text-editor\" data-id=\"f9f4e91\" data-element_type=\"widget\" data-widget_type=\"text-editor.default\">\n\t\t\t\t<div class=\"elementor-widget-container\">\n\t\t\t\t\t\t\t\t\t<p>El uniforme escolar de Nuestro Colegio consiste en:<br>Damas:<\/p>\n<ul>\n<li>Polera blanca de piqu\u00e9 con cuello y con insignia del Colegio.<\/li>\n<li>Falda tableada con un m\u00e1ximo de cuatro dedos sobre la rodilla de largo.<\/li>\n<li>Chaleco burdeo con insignia del colegio.<\/li>\n<li>Medias Grises.<\/li>\n<li>Zapatos Negros.<\/li>\n<li>Pelo tomado.<\/li>\n<li>Sin maquillaje, aros ni piercings.<\/li>\n<\/ul>\n<p>Varones:<\/p>\n<ul>\n<li>Polera blanca de pique con cuello y con Insignia del Colegio.<\/li>\n<li>Chaleco Burdeo con Insignia del Colegio.<\/li>\n<li>Pantal\u00f3n Gris.<\/li>\n<li>Zapatos negros.<\/li>\n<li>Pelo corto y sin barba.<\/li>\n<li>Sin aros ni piercings.<\/li>\n<\/ul>\n<p>En los d\u00edas en que el alumno realice clases de Educaci\u00f3n F\u00edsica, el uniforme sera el siguiente para damas y varones:<\/p>\n<ul>\n<li>Polera blanca de algodon con cuello polo burdeo con insignia del Colegio.<\/li>\n<li>Buzo Burdeo con insignia del Colegio.<\/li>\n<li>Zapatillas oscuras.<\/li>\n<\/ul>\n<p>Puede encontrar los uniformes en :<br><strong><br>CENTRO COLEGIO<br><\/strong><br>Av. Vicu\u00f1a Mackenna 8925 Paradero 18 1\/2&nbsp; Fono: 233434036<br>Metro Estaci\u00f3n Rojas Magallanes<\/p>\t\t\t\t\t\t\t\t<\/div>\n\t\t\t\t<\/div>\n\t\t\t\t\t<\/div>\n\t\t<\/div>\n\t\t\t\t<div class=\"has_ae_slider elementor-column elementor-col-50 elementor-top-column elementor-element elementor-element-4f21040 ae-bg-gallery-type-default\" data-id=\"4f21040\" data-element_type=\"column\">\n\t\t\t<div class=\"elementor-widget-wrap\">\n\t\t\t\t\t\t\t<\/div>\n\t\t<\/div>\n\t\t\t\t\t<\/div>\n\t\t<\/section>\n\t\t\t\t<\/div>\n\t\t","protected":false},"excerpt":{"rendered":"<p>Uniformes Escolares El uniforme escolar de Nuestro Colegio consiste en:Damas: Polera blanca de piqu\u00e9 con cuello y con insignia del Colegio. Falda tableada con un m\u00e1ximo de cuatro dedos sobre la rodilla de largo. Chaleco burdeo con insignia del colegio. Medias Grises. Zapatos Negros. Pelo tomado. Sin maquillaje, aros ni piercings. Varones: Polera blanca de [&hellip;]<\/p>\n","protected":false},"author":1,"featured_media":0,"parent":0,"menu_order":0,"comment_status":"closed","ping_status":"open","template":"","meta":{"site-sidebar-layout":"default","site-content-layout":"page-builder","ast-site-content-layout":"default","site-content-style":"default","site-sidebar-style":"default","ast-global-header-display":"","ast-banner-title-visibility":"","ast-main-header-display":"","ast-hfb-above-header-display":"","ast-hfb-below-header-display":"","ast-hfb-mobile-header-display":"","site-post-title":"disabled","ast-breadcrumbs-content":"","ast-featured-img":"disabled","footer-sml-layout":"","ast-disable-related-posts":"","theme-transparent-header-meta":"default","adv-header-id-meta":"","stick-header-meta":"default","header-above-stick-meta":"","header-main-stick-meta":"","header-below-stick-meta":"","astra-migrate-meta-layouts":"default","ast-page-background-enabled":"default","ast-page-background-meta":{"desktop":{"background-color":"","background-image":"","background-repeat":"repeat","background-position":"center center","background-size":"auto","background-attachment":"scroll","background-type":"","background-media":"","overlay-type":"","overlay-color":"","overlay-opacity":"","overlay-gradient":""},"tablet":{"background-color":"","background-image":"","background-repeat":"repeat","background-position":"center center","background-size":"auto","background-attachment":"scroll","background-type":"","background-media":"","overlay-type":"","overlay-color":"","overlay-opacity":"","overlay-gradient":""},"mobile":{"background-color":"","background-image":"","background-repeat":"repeat","background-position":"center center","background-size":"auto","background-attachment":"scroll","background-type":"","background-media":"","overlay-type":"","overlay-color":"","overlay-opacity":"","overlay-gradient":""}},"ast-content-background-meta":{"desktop":{"background-color":"var(--ast-global-color-5)","background-image":"","background-repeat":"repeat","background-position":"center center","background-size":"auto","background-attachment":"scroll","background-type":"","background-media":"","overlay-type":"","overlay-color":"","overlay-opacity":"","overlay-gradient":""},"tablet":{"background-color":"var(--ast-global-color-5)","background-image":"","background-repeat":"repeat","background-position":"center center","background-size":"auto","background-attachment":"scroll","background-type":"","background-media":"","overlay-type":"","overlay-color":"","overlay-opacity":"","overlay-gradient":""},"mobile":{"background-color":"var(--ast-global-color-5)","background-image":"","background-repeat":"repeat","background-position":"center center","background-size":"auto","background-attachment":"scroll","background-type":"","background-media":"","overlay-type":"","overlay-color":"","overlay-opacity":"","overlay-gradient":""}},"footnotes":""},"categories":[],"tags":[],"class_list":["post-94","page","type-page","status-publish","hentry"],"_links":{"self":[{"href":"https:\/\/www.colegionlc.cl\/index.php?rest_route=\/wp\/v2\/pages\/94","targetHints":{"allow":["GET"]}}],"collection":[{"href":"https:\/\/www.colegionlc.cl\/index.php?rest_route=\/wp\/v2\/pages"}],"about":[{"href":"https:\/\/www.colegionlc.cl\/index.php?rest_route=\/wp\/v2\/types\/page"}],"author":[{"embeddable":true,"href":"https:\/\/www.colegionlc.cl\/index.php?rest_route=\/wp\/v2\/users\/1"}],"replies":[{"embeddable":true,"href":"https:\/\/www.colegionlc.cl\/index.php?rest_route=%2Fwp%2Fv2%2Fcomments&post=94"}],"version-history":[{"count":12,"href":"https:\/\/www.colegionlc.cl\/index.php?rest_route=\/wp\/v2\/pages\/94\/revisions"}],"predecessor-version":[{"id":4209,"href":"https:\/\/www.colegionlc.cl\/index.php?rest_route=\/wp\/v2\/pages\/94\/revisions\/4209"}],"wp:attachment":[{"href":"https:\/\/www.colegionlc.cl\/index.php?rest_route=%2Fwp%2Fv2%2Fmedia&parent=94"}],"wp:term":[{"taxonomy":"category","embeddable":true,"href":"https:\/\/www.colegionlc.cl\/index.php?rest_route=%2Fwp%2Fv2%2Fcategories&post=94"},{"taxonomy":"post_tag","embeddable":true,"href":"https:\/\/www.colegionlc.cl\/index.php?rest_route=%2Fwp%2Fv2%2Ftags&post=94"}],"curies":[{"name":"wp","href":"https:\/\/api.w.org\/{rel}","templated":true}]}}